0)/(-42) a composite number?
False
Let k be -6*(-1)/((-30)/(-13295)). Suppose 6 = 3*j, 3*j = 3*m + 2*j - k. Is m a composite number?
False
Let u(j) = j**2 + 5*j - 12. Let q be u(2). Is 3792/10 - 1/(10/q) composite?
False
Suppose 16962 + 9000 = 6*p. Is p a prime number?
True
Let c = 74 - -467. Is c a prime number?
True
Let h(g) = -3*g**3 - g**2 + 4*g + 2. Let d(t) = -4*t**3 - t**2 + 4*t + 2. Let z(s) = -2*d(s) + 3*h(s). Is z(-10) a composite number?
True
Let u = 1639 - 324. Is u a composite number?
True
Suppose -2*k = -k + 5*m - 17079, -4*m = 5*k - 85311. Is k a composite number?
True
Let g(o) = o + 9. Let n be g(-7). Suppose m - f - 1 = 2, -3*f = n*m - 1. Suppose -m*k - 202 = -4*x, k - 52 - 51 = -2*x. Is x composite?
True
Suppose o = 2*o. Suppose 4*j + 16 = o, 0*j + 8 = w + j. Suppose 2*x + w = 6*x, -l + x = -358. Is l a composite number?
True
Suppose -5*n - 2218 = -2*p, -3*n + 3285 = 105*p - 102*p. Is p prime?
False
Suppose -465 = 6*n - 3951. Is n composite?
True
Suppose -p - 3*f + 1417 = 35, -2*p - 3*f + 2755 = 0. Is p a composite number?
False
Let k(m) = 40*m + 447. Is k(-8) prime?
True
Suppose 5*b = -5*p + 20, p = -3*b + 8*b - 14. Suppose b*o = -71 - 181. Let c = o + 122. Is c a prime number?
False
Is (-11)/((-165)/(-82755))*1/(-3) prime?
False
Suppose 0 = -2*f - 10, 3*z = -z + 2*f + 514. Let d = z + -75. Is d a composite number?
True
Let j(m) = m**3 + 7*m**2 + 6*m - 2. Let r be j(-6). Let h = 6 + r. Suppose -3*z - 127 = -h*z. Is z a composite number?
False
Suppose 51*n - 854337 = 18*n. Is n a prime number?
True
Let h = -29315 + 56614. Is h prime?
True
Let l(y) = 2*y**3 - 40*y**2 - 96*y - 35. Is l(29) a composite number?
True
Suppose -858*j - 148258 = -880*j. Is j prime?
False
Suppose 2 = -y, 2*y = 2*h + 2*h - 16. Suppose 3*b - 156 = 2*x - 5*x, h*b - 2*x - 161 = 0. Is b a prime number?
True
Suppose 5*n - 25 = 0, 5*z - 2*z = -n + 15896. Is z composite?
False
Let c = 486 + 935. Suppose 7*w = 14*w - c. Is w composite?
True
Suppose 17 = 2*t - 3*t + 5*z, -2*t + 3*z = 6. Is -1516*(t/(-3))/4 a prime number?
True
Suppose a + 4*c = -8, 2*a - c = -0*c - 7. Let g be 1/(-2) + a/8. Let p(k) = -22*k**3 - k**2 - 2*k - 1. Is p(g) prime?
False
Suppose 5*b = 9*b - 5*g - 58984, -b - 5*g + 14721 = 0. Is b prime?
True
Let m = -1059 + 1585. Is m a prime number?
False
Let n = -29 - -30. Is n/((4/577)/4) composite?
False
Let t be 27/(-1 - -4) - -2. Let a(i) = -i + 13. Let b be a(t). Suppose -2*g - b*n = -392, -238 - 310 = -3*g + 5*n. Is g a prime number?
True
Suppose -5*g + 2*j - 414 = 140, 0 = -2*g + 2*j - 224. Let d = 141 - g. Is d prime?
True
Let x(t) = 1242*t + 8. Let o be x(-2). Let v = o - -3639. Is v a prime number?
True
Suppose -1032 = 4*s - 0*s. Let h be 2/(-4)*(-4 - s). Let j = -68 - h. Is j prime?
True
Suppose 3*n + 2*n = -3*z - 2, -z - 4 = 0. Is (n/6)/((-2328)/2331 + 1) a prime number?
False
Let m(k) = 165*k**3 - 7*k**2 - 26*k + 13. Is m(4) prime?
True
Let u be 66*5/30*9. Let y = -16 + u. Is y a prime number?
True
Suppose 0 = 3*v + 35 + 106. Let l = v - -27. Let d = l + 23. Is d prime?
True
Let a = 97 - 103. Suppose l - 5*l + 52 = 0. Let n = l - a. Is n a prime number?
True
Let r = 981 - 97. Suppose 4*p - z + r = 3424, 0 = 2*p - 4*z - 1284. Is p a composite number?
True
Let f = -230 - -723. Is f a prime number?
False
Let c = -5 - 0. Let d be ((c - -2) + -10)*1. Let o = 78 + d. Is o prime?
False
Suppose 0*d - 5*d = 3*y - 6979, y - 2341 = 2*d. Is y composite?
False
Suppose -3*k = 4*a - 19648, 3*a + 4*k - 12219 = 2510. Is a composite?
True
Let q = 391 + -200. Is q prime?
True
Let m(v) = v**2 + 5*v - 1. Let w be m(-6). Let f(x) = -2*x**2 + 17*x + 2. Is f(w) composite?
False
Let s(u) = -231*u**3 - 4*u**2 - 3*u - 17. Is s(-3) a composite number?
True
Let k be ((-50)/(-20))/((-1)/2). Is 4 + 0 + (238 - k) a composite number?
True
Let s = 4065 + -1070. Is s a prime number?
False
Let h be (-4)/(-26) + (-279)/39. Is h/(105/(-9))*35 a prime number?
False
Let o = -57875 - -100524. Is o a composite number?
False
Suppose -2*a + 2*z + 3004 = 0, -5*z + 4918 = 5*a - 2642. Let u = 4116 - a. Is u a composite number?
False
Suppose 2*z = -4*y + 23190, -3*z + 2*y = -30594 - 4199. Is z composite?
False
Let r be (11 - -2 - 0) + -2. Suppose 3*q = -f + r, 4*f - 26 = -5*q + 2*q. Suppose 5*b - m = 924 - 223, q*m + 274 = 2*b. Is b a composite number?
True
Suppose 2*l + 0 + 2 = 0. Is (-1671 + -7)/(2*l) a prime number?
True
Suppose 4*k = 0, -3*q - 3*k + 3989 = -2*q. Is q a prime number?
True
Let o(t) = t**3 - 5*t**2 + 9*t - 17. Suppose 6 - 3 = 3*h. Suppose 0 = 2*k - 25 + h. Is o(k) prime?
False
Is (1 + 0)/(13984/4661 + -3) a prime number?
False
Is -27822*7/(-14) - -2 a composite number?
False
Let x = 114 - 109. Let o be (-56 + 1 + 0)*-10. Suppose -4*z + x*l + 530 = z, -l - o = -5*z. Is z prime?
False
Let z be (-23 - -24) + 1*11. Suppose 171 - z = i. Is i a composite number?
True
Let m(w) be the second derivative of 3/2*w**3 - 10*w + 0 + 5/2*w**2. Is m(9) prime?
False
Let k(q) = -q**3 + 7*q**2 - 5*q - 4. Let m be k(4). Let d = -24 + m. Suppose d = -5*z + 2939 - 234. Is z composite?
False
Let x be ((-6)/(-5))/((-9)/(-240)). Suppose q - x = -3*d, d - 4*q = -d + 26. Is d prime?
True
Let v(y) = y**2 + 4*y + 7. Let s be v(-5). Let n = -9 + s. Suppose 3*c = u + 1335, 2*c + 6*u - n*u - 890 = 0. Is c prime?
False
Suppose -6*o - 10 = 2. Let s be (-9316)/(-4) - (1 + o). Is (-1)/4 + s/40 a prime number?
False
Let d = 2568 - 469. Is d prime?
True
Suppose 4*k + 4387 = 7*k - 5*r, -8 = 4*r. Is k a composite number?
False
Suppose 2*g + 1626 = 4*j, 15 = -6*g + g. Let y be ((-55)/(-20) - 3) + (-42)/(-8). Suppose -230 - j = -y*b. Is b a composite number?
False
Suppose -3*c - 179 = -2*y + 212, 3*y - 4*c = 585. Is y composite?
False
Suppose k = -4*c + 5747, 3*k = 8*k + c - 28735. Is k composite?
True
Let h = -672 - -2794. Is h composite?
True
Suppose -14*v = -15*v + 4. Suppose v = -2*x - 4. Is (5 + -1)*(-6)/x a prime number?
False
Let c(i) = -2*i + 14*i**2 - 2 + 5 + 64*i**2 - 4. Is c(-1) a composite number?
False
Let j(y) = y**2 + 8*y - 7. Let i be j(-9). Suppose i*o = 2*v + 56, -o - o = 4*v - 44. Suppose o = -4*r + 238. Is r a prime number?
True
Suppose w - k = 451 + 248, -5*w = 3*k - 3463. Is w prime?
False
Let r be 4*(-3)/(-6) - 0. Let d(l) = 2*l**2 - 3*l**3 - r*l**3 + 4*l**3 - 3 - 3*l. Is d(-3) a prime number?
False
Is -68 + 70 + (3385/1 - -2) composite?
False
Let w(b) = -34*b - 12. Let z(k) = 33*k + 13. Let p(i) = -6*w(i) - 5*z(i). Is p(10) a prime number?
True
Suppose 0 = 2*m + 2*b - 2, 2*m - 5 = -2*b + b. Is 384 - (2 + (4 - m)) a prime number?
False
Suppose 0 = -3*g - 0*o - o - 7919, 5*o = -4*g - 10544. Let h = -1490 - g. Is h composite?
False
Let w be (-1144)/(-10)*5*1. Let m = -282 + 284. Suppose d = 3*s + m*d - w, 1 = -d. Is s a prime number?
True
Let c = 323 - -708. Is (9 + -3)*c/2 a composite number?
True
Let m(a) = -13*a**3 - 3*a**2 + 13*a - 61. Is m(-14) prime?
True
Suppose -2*q = 12 - 42. Suppose 8*p - 5 = n + 3*p, 0 = -n - 5*p + q. Suppose n*u + 14 = 6*u. Is u composite?
True
Suppose -90 = 4*y + y. Let r be y/63 - (-60)/14. Suppose r*a = 400 + 44. Is a composite?
True
Let b(l) = l**3 + 5*l**2 + 4*l - 11. Let r be b(-6). Let d = r + 1668. Is d composite?
False
Let o be ((2 - 1)*-5)/(-1). Let b be (-2)/(-2*1/34). Is b/2*(o - 2) prime?
False
Let s(m) = -5 + 14*m - 6*m + 7*m**2 - 5*m - 2 - 4*m. Let w be -1 - ((-5)/1 + -1). Is s(w) composite?
False
Let u = -40 + 53. Suppose -5*s - 3*c = -3985, 4*s + 4*c - u - 3175 = 0. Is s a prime number?
True
Let w(d) = 8*d**3 + 7*d**2 + 5*d. Let f be w(-4). Let g be (f + -1)/(5/5). Is 0 + -1 + (-1 - g) a composite number?
False
Let v = 61121 + -26888. Is v a prime number?
False
Is 1782 - 3/(9/12) - -5 prime?
True
Let g(o) = 8*o**2 - o + 2. Let v be g(1). Let z = v + -4. Suppose -3*t + 404 = z*h - 4*h, -4*h = t - 1583. Is h a prime number?
False
Let f be (-2)/3*(-90)/20. Suppose f*m = -2*r + 2*m + 423, -r = 5*m - 198. Is r a composite number?
True
Let n = 19 - 15. Suppose -4*l + 2544 = g, 3*l + n*g = 5*g + 1901. Is l prime?
False
Suppose -4*k = -k + 6. Let o be k - (-1 + 0) - -19. Is (742/6)/(6/o) a prime number?
False
Let k(d) = -d**3 + 6*d**2 + 2*d - 5. Let a be k(6). Suppose 1519 = a*o - 5782. Is o prime?
False
Let x be (4/5)/(1/5). Let h = 336 - 278